{"id":823,"date":"2021-10-26T13:03:22","date_gmt":"2021-10-26T13:03:22","guid":{"rendered":"https:\/\/antares.scherer-kohl.de\/?page_id=823"},"modified":"2021-11-05T09:55:11","modified_gmt":"2021-11-05T09:55:11","slug":"2021-ubersicht","status":"publish","type":"page","link":"https:\/\/scherer-kohl.de\/index.php\/unternehmen\/presse\/2021-ubersicht\/","title":{"rendered":"2021"},"content":{"rendered":"<div class=\"n2-section-smartslider fitvidsignore small-slider n2_clear\" data-ssid=\"16\"><div id=\"n2-ss-16-align\" class=\"n2-ss-align\"><div class=\"n2-padding\"><div id=\"n2-ss-16\" data-creator=\"Smart Slider 3\" data-responsive=\"fullwidth\" class=\"n2-ss-slider n2-ow n2-has-hover n2notransition  \">\n        <div class=\"n2-ss-slider-1 n2_ss__touch_element n2-ow\">\n            <div class=\"n2-ss-slider-2 n2-ow\">\n                                                <div class=\"n2-ss-slider-3 n2-ow\">\n\n                    <div class=\"n2-ss-slide-backgrounds n2-ow-all\"><div class=\"n2-ss-slide-background\" data-public-id=\"1\" data-mode=\"fill\"><div class=\"n2-ss-slide-background-image\" data-blur=\"0\" data-opacity=\"100\" data-x=\"46\" data-y=\"47\" data-alt=\"\" data-title=\"\" style=\"--ss-o-pos-x:46%;--ss-o-pos-y:47%\"><picture class=\"skip-lazy\" data-skip-lazy=\"1\"><img decoding=\"async\" src=\"\/\/scherer-kohl.de\/wp-content\/uploads\/2021\/11\/Schmaler-Header.jpg\" alt=\"\" title=\"\" loading=\"lazy\" class=\"skip-lazy\" data-skip-lazy=\"1\"><\/picture><\/div><div data-color=\"RGBA(255,255,255,0)\" style=\"background-color: RGBA(255,255,255,0);\" class=\"n2-ss-slide-background-color\"><\/div><\/div><\/div>                    <div class=\"n2-ss-slider-4 n2-ow\">\n                        <svg xmlns=\"http:\/\/www.w3.org\/2000\/svg\" viewBox=\"0 0 1200 140\" data-related-device=\"desktopPortrait\" class=\"n2-ow n2-ss-preserve-size n2-ss-preserve-size--slider n2-ss-slide-limiter\"><\/svg><div data-first=\"1\" data-slide-duration=\"0\" data-id=\"62\" data-slide-public-id=\"1\" data-title=\"slider-schmal-sk-2\" class=\"n2-ss-slide n2-ow  n2-ss-slide-62\"><div role=\"note\" class=\"n2-ss-slide--focus\" tabindex=\"-1\">slider-schmal-sk-2<\/div><div class=\"n2-ss-layers-container n2-ss-slide-limiter n2-ow\"><div class=\"n2-ss-layer n2-ow n-uc-WE1C20AyuCCu\" data-sstype=\"slide\" data-pm=\"default\"><\/div><\/div><\/div>                    <\/div>\n\n                                    <\/div>\n            <\/div>\n        <\/div>\n        <\/div><ss3-loader><\/ss3-loader><\/div><\/div><div class=\"n2_clear\"><\/div><\/div>\n\n\n<div class=\"wp-block-qubely-row qubely-section qubely-block-6efcf1\"><div class=\"qubely-row-overlay\"><\/div><div class=\"qubely-container\"><div class=\"qubely-row \">\n<div class=\"wp-block-qubely-column qubely-column qubely-column-front qubely-block-3c4c4b\"><div class=\"qubely-column-inner\">\n<div class=\"wp-block-qubely-heading qubely-block-700838\"><div class=\"qubely-block-heading  qubely-has-separator qubely-separator-position-bottom\"><div class=\"qubely-heading-container\"><h2 class=\"qubely-heading-selector\">Aktuelles: 2021<\/h2><div class=\"qubely-separator qubely-separator-after\"><span class=\"qubely-separator-type-css qubely-separator-solid\"><\/span><\/div><\/div><\/div><\/div>\n<\/div><\/div>\n<\/div><\/div><\/div>\n\n\n\n<div class=\"wp-block-qubely-row qubely-section qubely-block-115ae3\"><div class=\"qubely-row-overlay\"><\/div><div class=\"qubely-container\"><div class=\"qubely-row \">\n<div class=\"wp-block-qubely-column qubely-column qubely-column-front qubely-block-e41228\"><div class=\"qubely-column-inner\">\n<p><a href=\"\/index.php\/presse\">\u00ab zur\u00fcck zur \u00dcbersicht<\/a><\/p>\n<\/div><\/div>\n<\/div><\/div><\/div>\n\n\n\n<div class=\"wp-block-qubely-row qubely-section qubely-block-9048d3\"><div class=\"qubely-row-overlay\"><\/div><div class=\"qubely-container\"><div class=\"qubely-row \">\n<div class=\"wp-block-qubely-column qubely-column qubely-column-front qubely-block-620367\"><div class=\"qubely-column-inner\"><div class=\"wp-block-qubely-postgrid qubely-block-70b073\"><div class=\"qubely-postgrid-wrapper  qubely-postgrid-layout-2 qubely-postgrid-column qubely-postgrid-column-md2 qubely-postgrid-column-sm2 qubely-postgrid-column-xs1\" ><div class=\"qubely-postgrid qubely-post-grid-view qubely-postgrid-style-3\"><div class=\"qubely-post-grid-wrapper qubely-post-grid-center\"><div class=\"qubely-post-grid-content\"><h2 class=\"qubely-postgrid-title\"><a href=\"https:\/\/scherer-kohl.de\/index.php\/2021\/10\/20\/ab-ans-werk-der-neue-einlauftrailer-der-eulen-ludwigshafen\/\">Ab ans Werk &#8211; Der neue Einlauftrailer der Eulen Ludwigshafen<\/a><\/h2><div class=\"qubely-postgrid-meta\"><span><i class=\"far fa-calendar-alt\"><\/i> 20\/10\/2021<\/span><\/div><div class=\"qubely-postgrid-intro\">Sie interessieren sich f\u00fcr unsere t\u00e4glichen Arbeiten? Dann \u00f6ffnen Sie bitte den Link und schauen sich den Film an.<\/div><div class=\"qubely-postgrid-btn-wrapper\"><a class=\"qubely-postgrid-btn qubely-button-fill is-small\" href=\"https:\/\/scherer-kohl.de\/index.php\/2021\/10\/20\/ab-ans-werk-der-neue-einlauftrailer-der-eulen-ludwigshafen\/\">weiterlesen<\/a><\/div><\/div><\/div><\/div><div class=\"qubely-postgrid qubely-post-grid-view qubely-postgrid-style-3\"><div class=\"qubely-post-grid-wrapper qubely-post-grid-center\"><div class=\"qubely-post-grid-content\"><h2 class=\"qubely-postgrid-title\"><a href=\"https:\/\/scherer-kohl.de\/index.php\/2021\/08\/19\/flutkatastrophe-und-ihre-menschen-vor-ort\/\">Flutkatastrophe und ihre Menschen vor Ort<\/a><\/h2><div class=\"qubely-postgrid-meta\"><span><i class=\"far fa-calendar-alt\"><\/i> 19\/08\/2021<\/span><\/div><div class=\"qubely-postgrid-intro\">Nach den schrecklichen Ereignissen im Ahrtal war und ist es uns auch weiterhin ein gro\u00dfes Bed\u00fcrfnis, Hilfe zu leisten.<\/div><div class=\"qubely-postgrid-btn-wrapper\"><a class=\"qubely-postgrid-btn qubely-button-fill is-small\" href=\"https:\/\/scherer-kohl.de\/index.php\/2021\/08\/19\/flutkatastrophe-und-ihre-menschen-vor-ort\/\">weiterlesen<\/a><\/div><\/div><\/div><\/div><div class=\"qubely-postgrid qubely-post-grid-view qubely-postgrid-style-3\"><div class=\"qubely-post-grid-wrapper qubely-post-grid-center\"><div class=\"qubely-post-grid-content\"><h2 class=\"qubely-postgrid-title\"><a href=\"https:\/\/scherer-kohl.de\/index.php\/2021\/02\/16\/gemeinsam-furs-baustoffrecycling\/\">Gemeinsam f\u00fcrs Baustoffrecycling<\/a><\/h2><div class=\"qubely-postgrid-meta\"><span><i class=\"far fa-calendar-alt\"><\/i> 16\/02\/2021<\/span><\/div><div class=\"qubely-postgrid-intro\">Der Baustoff\u00fcberwachungsverein Hessen &#8211; Rheinland-Pfalz e.V. und die Fachabteilung Recycling-Baustoffe Hessen &#8211; Rheinland-Pfalz im VSE haben ein Gemeinschaftsprojekt gestartet.<\/div><div class=\"qubely-postgrid-btn-wrapper\"><a class=\"qubely-postgrid-btn qubely-button-fill is-small\" href=\"https:\/\/scherer-kohl.de\/index.php\/2021\/02\/16\/gemeinsam-furs-baustoffrecycling\/\">weiterlesen<\/a><\/div><\/div><\/div><\/div><\/div><\/div><\/div><\/div>\n<\/div><\/div><\/div>\n","protected":false},"excerpt":{"rendered":"","protected":false},"author":2,"featured_media":0,"parent":26,"menu_order":35,"comment_status":"closed","ping_status":"closed","template":"","meta":{"qubely_global_settings":"","qubely_interactions":"","footnotes":""},"class_list":["post-823","page","type-page","status-publish","hentry"],"_links":{"self":[{"href":"https:\/\/scherer-kohl.de\/index.php\/wp-json\/wp\/v2\/pages\/823","targetHints":{"allow":["GET"]}}],"collection":[{"href":"https:\/\/scherer-kohl.de\/index.php\/wp-json\/wp\/v2\/pages"}],"about":[{"href":"https:\/\/scherer-kohl.de\/index.php\/wp-json\/wp\/v2\/types\/page"}],"author":[{"embeddable":true,"href":"https:\/\/scherer-kohl.de\/index.php\/wp-json\/wp\/v2\/users\/2"}],"replies":[{"embeddable":true,"href":"https:\/\/scherer-kohl.de\/index.php\/wp-json\/wp\/v2\/comments?post=823"}],"version-history":[{"count":14,"href":"https:\/\/scherer-kohl.de\/index.php\/wp-json\/wp\/v2\/pages\/823\/revisions"}],"predecessor-version":[{"id":1124,"href":"https:\/\/scherer-kohl.de\/index.php\/wp-json\/wp\/v2\/pages\/823\/revisions\/1124"}],"up":[{"embeddable":true,"href":"https:\/\/scherer-kohl.de\/index.php\/wp-json\/wp\/v2\/pages\/26"}],"wp:attachment":[{"href":"https:\/\/scherer-kohl.de\/index.php\/wp-json\/wp\/v2\/media?parent=823"}],"curies":[{"name":"wp","href":"https:\/\/api.w.org\/{rel}","templated":true}]}}